{"id":16,"date":"2013-12-12T11:12:43","date_gmt":"2013-12-12T10:12:43","guid":{"rendered":"http:\/\/www.shbv.info\/schoolkids\/?page_id=16"},"modified":"2022-07-19T20:54:14","modified_gmt":"2022-07-19T18:54:14","slug":"schulmeisterschaften","status":"publish","type":"page","link":"https:\/\/www.shbv.info\/schoolkids\/?page_id=16","title":{"rendered":"Schulmeisterschaften"},"content":{"rendered":"<p><img decoding=\"async\" loading=\"lazy\" class=\"size-medium wp-image-279 aligncenter\" src=\"http:\/\/www.shbv.info\/schoolkids\/wp-content\/uploads\/2018\/08\/Schulmeisterschaftslgo_2018-300x250.jpg\" alt=\"\" width=\"300\" height=\"250\"><\/p>\n<h2><strong>Hamburger Baseball-Schulmeisterschaft 2018<\/strong><\/h2>\n<p>In 2018 fand die erste offizielle Hamburger Schulmeisterschaft im Baseball statt. Zum Start wurde das Teilnehmerfeld auf 4 Schulen begrenzt, die mit ihren 5ten Klassen antraten. Mit dabei waren:<\/p>\n<ul>\n<li>das Corvey Gymnasium,<\/li>\n<li>das Gymnasium Allerm\u00f6he,<\/li>\n<li>das Kaifu Gymnasium und<\/li>\n<li>das Heidberg Gymnasium<\/li>\n<\/ul>\n<p>Es gab haufenweise sehr spannende Spiele und am Ende konnte sich das Heidberg Gymnasium als erster Hamburger Schulmeister feiern lassen.<\/p>\n<p>Alle hatten viel Spa\u00df und viele Klassen wurden von weiteren Sch\u00fcler*innen unterst\u00fctzt, die zum Anfeuern mitgekommen waren. Bei Hot-Dogs und Musik war die Stimmung sehr gut und es wurde bis zum Ende gek\u00e4mpft und gejubelt.<\/p>\n<p>Die meisten Schulen hatten sich im Vorwege eine Equipment Tasche vom Hamburger Baseball &amp; Softballverband geliehen und sich ein wenig auf das Turnier vorbereitet. Flei\u00dfig wurde das Schlagen, Fangen, Werfen und Laufen ge\u00fcbt und die Spielregeln wurden gelernt.<\/p>\n<p>Alle Teams meinten, dass das Turnier im n\u00e4chsten Jahr unbedingt wieder stattfinden solle und am besten auf 5te und 6te Klassen ausgedehnt werden sollte, damit die Sch\u00fcler*innen, die in diesem Jahr dabei waren, im kommenden Jahr wieder mitmachen k\u00f6nnen.<\/p>\n<p>Hier wurde dar\u00fcber berichtet:<br \/>\n<a href=\"https:\/\/www.gymnasium-heidberg.de\/2018\/06\/grosser-erfolg-fuer-die-5a\/\">https:\/\/www.gymnasium-heidberg.de\/2018\/06\/grosser-erfolg-fuer-die-5a\/<\/a><\/p>\n<blockquote class=\"wp-embedded-content\" data-secret=\"m1taFXOLBh\"><p><a href=\"https:\/\/www.eimsbuetteler-nachrichten.de\/baseball-schueler-rennen-um-den-titel\/\">Baseball: Sch\u00fcler rennen um den Titel<\/a><\/p><\/blockquote>\n<p><iframe class=\"wp-embedded-content\" sandbox=\"allow-scripts\" security=\"restricted\" style=\"position: absolute; clip: rect(1px, 1px, 1px, 1px);\" title=\"&#8222;Baseball: Sch\u00fcler rennen um den Titel&#8220; &#8212; Eimsb\u00fctteler Nachrichten\" src=\"https:\/\/www.eimsbuetteler-nachrichten.de\/baseball-schueler-rennen-um-den-titel\/embed\/#?secret=m1taFXOLBh\" data-secret=\"m1taFXOLBh\" width=\"600\" height=\"338\" frameborder=\"0\" marginwidth=\"0\" marginheight=\"0\" scrolling=\"no\"><\/iframe><\/p>\n<p>Infos zu der 2019er Ausgabe der Meisterschaft findet ihr hier, sobald entschieden ist, wie es 2019 laufen soll\u2026<\/p>\n<p>Bis dahin k\u00f6nnen sich interessierte Schulen auf jeden Fall schon mal melden unter; <a href=\"mailto:info@shbvnet.de\">info@shbvnet.de<\/a> oder sich schon mal eine der Equipmenttaschen ausleihen und im Schulunterricht unsere so vielf\u00e4ltige Sportart anbieten.<\/p>\n","protected":false},"excerpt":{"rendered":"<p>Hamburger Baseball-Schulmeisterschaft 2018 In 2018 fand die erste offizielle Hamburger Schulmeisterschaft im Baseball statt. Zum Start wurde das Teilnehmerfeld auf 4 Schulen begrenzt, die mit ihren 5ten Klassen antraten. Mit dabei waren: das Corvey Gymnasium, das Gymnasium Allerm\u00f6he, das Kaifu &hellip; <a href=\"https:\/\/www.shbv.info\/schoolkids\/?page_id=16\">Weiterlesen <span class=\"meta-nav\">&rarr;<\/span><\/a><\/p>\n","protected":false},"author":3,"featured_media":99,"parent":0,"menu_order":0,"comment_status":"closed","ping_status":"closed","template":"","meta":[],"_links":{"self":[{"href":"https:\/\/www.shbv.info\/schoolkids\/index.php?rest_route=\/wp\/v2\/pages\/16"}],"collection":[{"href":"https:\/\/www.shbv.info\/schoolkids\/index.php?rest_route=\/wp\/v2\/pages"}],"about":[{"href":"https:\/\/www.shbv.info\/schoolkids\/index.php?rest_route=\/wp\/v2\/types\/page"}],"author":[{"embeddable":true,"href":"https:\/\/www.shbv.info\/schoolkids\/index.php?rest_route=\/wp\/v2\/users\/3"}],"replies":[{"embeddable":true,"href":"https:\/\/www.shbv.info\/schoolkids\/index.php?rest_route=%2Fwp%2Fv2%2Fcomments&post=16"}],"version-history":[{"count":2,"href":"https:\/\/www.shbv.info\/schoolkids\/index.php?rest_route=\/wp\/v2\/pages\/16\/revisions"}],"predecessor-version":[{"id":545,"href":"https:\/\/www.shbv.info\/schoolkids\/index.php?rest_route=\/wp\/v2\/pages\/16\/revisions\/545"}],"wp:featuredmedia":[{"embeddable":true,"href":"https:\/\/www.shbv.info\/schoolkids\/index.php?rest_route=\/wp\/v2\/media\/99"}],"wp:attachment":[{"href":"https:\/\/www.shbv.info\/schoolkids\/index.php?rest_route=%2Fwp%2Fv2%2Fmedia&parent=16"}],"curies":[{"name":"wp","href":"https:\/\/api.w.org\/{rel}","templated":true}]}}