{"id":10,"date":"2013-12-12T11:09:09","date_gmt":"2013-12-12T10:09:09","guid":{"rendered":"http:\/\/www.shbv.info\/schoolkids\/?page_id=8"},"modified":"2022-09-01T08:00:41","modified_gmt":"2022-09-01T06:00:41","slug":"infomaterial","status":"publish","type":"page","link":"https:\/\/www.shbv.info\/schoolkids\/?page_id=10","title":{"rendered":"Infomaterial"},"content":{"rendered":"<p><span style=\"color: #000000;\">Hier k\u00f6nnen Sie Informationsmaterial zur Durchf\u00fchrung von Unterrichtseinheiten, \u00dcbungsreihen und Anregungen herunterladen, die Ihnen beim gestalten von Schulstunden oder Projekten helfen werden:<\/span><\/p>\n<p><a href=\"http:\/\/www.shbv.info\/shbv_allgemein\/download\/Uebungsreihen.pdf\" target=\"_blank\" rel=\"noopener\"><span style=\"color: #000000;\">Baseball &#8211; \u00dcbungsreihen<\/span><\/a><\/p>\n<p><a href=\"http:\/\/www.shbv.info\/shbv_allgemein\/download\/Aufwaermen.pdf\" target=\"_blank\" rel=\"noopener\"><span style=\"color: #000000;\">Baseball &#8211; Aufw\u00e4rm\u00fcbungen<\/span><\/a><\/p>\n<p><a href=\"http:\/\/www.shbv.info\/shbv_allgemein\/download\/Spielformen.pdf\" target=\"_blank\" rel=\"noopener\"><span style=\"color: #000000;\">Baseball &#8211; Spielformen<\/span><\/a><\/p>\n<p><a href=\"http:\/\/www.shbv.info\/shbv_allgemein\/download\/Techniken.pdf\" target=\"_blank\" rel=\"noopener\"><span style=\"color: #000000;\">Baseball &#8211; Die Techniken<\/span><\/a><\/p>\n<p><a href=\"http:\/\/www.shbv.info\/shbv_allgemein\/download\/Tests.pdf\" target=\"_blank\" rel=\"noopener\"><span style=\"color: #000000;\">Baseball &#8211; Tests<\/span><\/a><\/p>\n<p><a href=\"http:\/\/www.shbv.info\/shbv_allgemein\/download\/Grundregeln.pdf\" target=\"_blank\" rel=\"noopener\"><span style=\"color: #000000;\">Baseball &#8211; Grundregeln<\/span><\/a><\/p>\n<p><a href=\"http:\/\/www.shbv.info\/shbv_allgemein\/download\/Baseball_Heute.pdf\" target=\"_blank\" rel=\"noopener\"><span style=\"color: #000000;\">Baseball &#8211; Heute<\/span><\/a><\/p>\n<p><span style=\"color: #000000;\">Schoolkids &#8211; Flyer &#8211; diesen Flyer k\u00f6nnen sie, wann immer sie ihn irgendwie gebrauchen k\u00f6nnen um Kolleginnen\/Kollegen \u00fcber unser Projekt zu informieren, bei uns bestellen, wir schicken Ihnen dann die gew\u00fcnschte Menge zu. <\/span><\/p>\n<p><span style=\"color: #000000;\">Dazu reicht eine mail mit Mengenangabe und Adresse an <a href=\"mailto:info@shbvnet.de\">info[at]shbvnet.de<\/a>.<\/span><\/p>\n<p><span style=\"color: #000000;\"><a href=\"http:\/\/www.shbv.info\/schoolkids\/wp-content\/uploads\/2013\/12\/FlyerVSmail-1-1.jpg\"><span style=\"color: #000000;\"><img decoding=\"async\" loading=\"lazy\" class=\"alignnone size-medium wp-image-92\" src=\"http:\/\/www.shbv.info\/schoolkids\/wp-content\/uploads\/2013\/12\/FlyerVSmail-1-141x300.jpg\" alt=\"FlyerVSmail\" width=\"141\" height=\"300\" srcset=\"https:\/\/www.shbv.info\/schoolkids\/wp-content\/uploads\/2013\/12\/FlyerVSmail-1-141x300.jpg 141w, https:\/\/www.shbv.info\/schoolkids\/wp-content\/uploads\/2013\/12\/FlyerVSmail-1.jpg 300w\" sizes=\"(max-width: 141px) 100vw, 141px\" \/><\/span><\/a>\u00a0<\/span> <a href=\"http:\/\/www.shbv.info\/schoolkids\/wp-content\/uploads\/2013\/12\/FlyerRSmail-1-1.jpg\"><img decoding=\"async\" loading=\"lazy\" class=\"alignnone size-medium wp-image-91\" src=\"http:\/\/www.shbv.info\/schoolkids\/wp-content\/uploads\/2013\/12\/FlyerRSmail-1-141x300.jpg\" alt=\"FlyerRSmail\" width=\"141\" height=\"300\" srcset=\"https:\/\/www.shbv.info\/schoolkids\/wp-content\/uploads\/2013\/12\/FlyerRSmail-1-141x300.jpg 141w, https:\/\/www.shbv.info\/schoolkids\/wp-content\/uploads\/2013\/12\/FlyerRSmail-1.jpg 300w\" sizes=\"(max-width: 141px) 100vw, 141px\" \/><\/a><\/p>\n","protected":false},"excerpt":{"rendered":"<p>Hier k\u00f6nnen Sie Informationsmaterial zur Durchf\u00fchrung von Unterrichtseinheiten, \u00dcbungsreihen und Anregungen herunterladen, die Ihnen beim gestalten von Schulstunden oder Projekten helfen werden: Baseball &#8211; \u00dcbungsreihen Baseball &#8211; Aufw\u00e4rm\u00fcbungen Baseball &#8211; Spielformen Baseball &#8211; Die Techniken Baseball &#8211; Tests Baseball &#8211; &hellip; <a href=\"https:\/\/www.shbv.info\/schoolkids\/?page_id=10\">Weiterlesen <span class=\"meta-nav\">&rarr;<\/span><\/a><\/p>\n","protected":false},"author":3,"featured_media":99,"parent":0,"menu_order":0,"comment_status":"closed","ping_status":"closed","template":"","meta":[],"_links":{"self":[{"href":"https:\/\/www.shbv.info\/schoolkids\/index.php?rest_route=\/wp\/v2\/pages\/10"}],"collection":[{"href":"https:\/\/www.shbv.info\/schoolkids\/index.php?rest_route=\/wp\/v2\/pages"}],"about":[{"href":"https:\/\/www.shbv.info\/schoolkids\/index.php?rest_route=\/wp\/v2\/types\/page"}],"author":[{"embeddable":true,"href":"https:\/\/www.shbv.info\/schoolkids\/index.php?rest_route=\/wp\/v2\/users\/3"}],"replies":[{"embeddable":true,"href":"https:\/\/www.shbv.info\/schoolkids\/index.php?rest_route=%2Fwp%2Fv2%2Fcomments&post=10"}],"version-history":[{"count":3,"href":"https:\/\/www.shbv.info\/schoolkids\/index.php?rest_route=\/wp\/v2\/pages\/10\/revisions"}],"predecessor-version":[{"id":564,"href":"https:\/\/www.shbv.info\/schoolkids\/index.php?rest_route=\/wp\/v2\/pages\/10\/revisions\/564"}],"wp:featuredmedia":[{"embeddable":true,"href":"https:\/\/www.shbv.info\/schoolkids\/index.php?rest_route=\/wp\/v2\/media\/99"}],"wp:attachment":[{"href":"https:\/\/www.shbv.info\/schoolkids\/index.php?rest_route=%2Fwp%2Fv2%2Fmedia&parent=10"}],"curies":[{"name":"wp","href":"https:\/\/api.w.org\/{rel}","templated":true}]}}